{"id":9839,"date":"2022-10-08T21:38:28","date_gmt":"2022-10-08T21:38:28","guid":{"rendered":"https:\/\/eicytec.unat.edu.pe\/?page_id=9839"},"modified":"2026-03-10T18:01:31","modified_gmt":"2026-03-10T18:01:31","slug":"en-proceso","status":"publish","type":"page","link":"https:\/\/vri.unat.edu.pe\/inci\/en-proceso\/","title":{"rendered":"Proyecto en proceso"},"content":{"rendered":"\t\t<div data-elementor-type=\"wp-page\" data-elementor-id=\"9839\" class=\"elementor elementor-9839\">\n\t\t\t\t\t\t\t        <section class=\"elementor-section elementor-top-section elementor-element elementor-element-0bbfefc elementor-section-boxed elementor-section-height-default elementor-section-height-default ct-header-fixed-none header-none c1230-none c1350-none c1390-none c1450-none ct-column-none ct-row-scroll-none\" data-id=\"0bbfefc\" data-element_type=\"section\">\n            \n                        <div class=\"elementor-container elementor-column-gap-default \">\n                    <div class=\"elementor-column elementor-col-100 elementor-top-column elementor-element elementor-element-f423ad5 ct-column-none col-offset-none\" data-id=\"f423ad5\" data-element_type=\"column\">\n            <div class=\"elementor-widget-wrap elementor-element-populated\">\n                        \t\t<div class=\"elementor-element elementor-element-7f6574c elementor-widget elementor-widget-ct_text_editor\" data-id=\"7f6574c\" data-element_type=\"widget\" data-widget_type=\"ct_text_editor.default\">\n\t\t\t\t<div class=\"elementor-widget-container\">\n\t\t\t<div id=\"ct_text_editor-7f6574c\" class=\"ct-text-editor \" data-wow-delay=\"ms\">\n\t<div class=\"ct-inline-css\"  data-css=\"\n        \t\t\">\n\n    <\/div>\n\t<div class=\"ct-text-editor elementor-clearfix\">\n\t\t<h1 style=\"color: #640000;text-align: center\"><strong>PROYECTO EN PROCESO<\/strong><\/h1>\n<h3 style=\"text-align: center\">Universidad Nacional Aut\u00f3noma de Tayacaja Daniel Hern\u00e1ndez Morillo<\/h3>\n<h3 style=\"color: #640000;text-align: center\">Enero 2026<\/h3>\t\t\n\t<\/div>\n<\/div>\t\t<\/div>\n\t\t\t\t<\/div>\n\t\t            <\/div>\n        <\/div>\n                            <\/div>\n        <\/section>\n                <section class=\"elementor-section elementor-top-section elementor-element elementor-element-0ec9a55 elementor-section-boxed elementor-section-height-default elementor-section-height-default ct-header-fixed-none header-none c1230-none c1350-none c1390-none c1450-none ct-column-none ct-row-scroll-none\" data-id=\"0ec9a55\" data-element_type=\"section\">\n            \n                        <div class=\"elementor-container elementor-column-gap-default \">\n                    <div class=\"elementor-column elementor-col-100 elementor-top-column elementor-element elementor-element-6e11e63 ct-column-none col-offset-none\" data-id=\"6e11e63\" data-element_type=\"column\">\n            <div class=\"elementor-widget-wrap elementor-element-populated\">\n                        \t\t<div class=\"elementor-element elementor-element-e66b598 elementor-widget elementor-widget-ct_heading\" data-id=\"e66b598\" data-element_type=\"widget\" data-widget_type=\"ct_heading.default\">\n\t\t\t\t<div class=\"elementor-widget-container\">\n\t\t\t<div class=\"ct-heading h-align- item-st-default\">\r\n\t\t\t<div class=\"item--sub-title style-default\">\r\n            <span>\r\n                                Proyecto de Investigaci\u00f3n            <\/span>\r\n        <\/div>\r\n\t    <h3 class=\"item--title case-animate-time st-default \" data-wow-delay=\"ms\">\r\n        <span>Equipo de trabajo<\/span>    <\/h3>\r\n<\/div>\r\n\r\n\t\t<\/div>\n\t\t\t\t<\/div>\n\t\t            <\/div>\n        <\/div>\n                            <\/div>\n        <\/section>\n                <section class=\"elementor-section elementor-top-section elementor-element elementor-element-75ba0dd elementor-section-stretched elementor-section-boxed elementor-section-height-default elementor-section-height-default ct-header-fixed-none header-none c1230-none c1350-none c1390-none c1450-none ct-column-none ct-row-scroll-none\" data-id=\"75ba0dd\" data-element_type=\"section\" data-settings=\"{&quot;stretch_section&quot;:&quot;section-stretched&quot;}\">\n            \n                        <div class=\"elementor-container elementor-column-gap-default \">\n                    <div class=\"elementor-column elementor-col-50 elementor-top-column elementor-element elementor-element-44b960b ct-column-none col-offset-none\" data-id=\"44b960b\" data-element_type=\"column\">\n            <div class=\"elementor-widget-wrap elementor-element-populated\">\n                        \t\t<div class=\"elementor-element elementor-element-c66dabe elementor-widget elementor-widget-ct_text_editor\" data-id=\"c66dabe\" data-element_type=\"widget\" data-widget_type=\"ct_text_editor.default\">\n\t\t\t\t<div class=\"elementor-widget-container\">\n\t\t\t<div id=\"ct_text_editor-c66dabe\" class=\"ct-text-editor \" data-wow-delay=\"ms\">\n\t<div class=\"ct-inline-css\"  data-css=\"\n        \t\t\">\n\n    <\/div>\n\t<div class=\"ct-text-editor elementor-clearfix\">\n\t\t<p><strong>Investigador Principal:<\/strong><\/p>\n<ul style=\"font-size: 17px\">\n<li>Profesional<\/li>\n<\/ul>\n<p><strong>Colaboradores:<\/strong><\/p>\n<ul style=\"font-size: 17px\">\n<li>Profesional<\/li>\n<li>Profesional<\/li>\n<li>Profesional<\/li>\n<li>Profesional<\/li>\n<\/ul>\t\t\n\t<\/div>\n<\/div>\t\t<\/div>\n\t\t\t\t<\/div>\n\t\t            <\/div>\n        <\/div>\n                <div class=\"elementor-column elementor-col-50 elementor-top-column elementor-element elementor-element-b304012 ct-column-none col-offset-none\" data-id=\"b304012\" data-element_type=\"column\">\n            <div class=\"elementor-widget-wrap elementor-element-populated\">\n                        \t\t<div class=\"elementor-element elementor-element-ef55c47 elementor-widget elementor-widget-ct_text_editor\" data-id=\"ef55c47\" data-element_type=\"widget\" data-widget_type=\"ct_text_editor.default\">\n\t\t\t\t<div class=\"elementor-widget-container\">\n\t\t\t<div id=\"ct_text_editor-ef55c47\" class=\"ct-text-editor \" data-wow-delay=\"ms\">\n\t<div class=\"ct-inline-css\"  data-css=\"\n        \t\t\">\n\n    <\/div>\n\t<div class=\"ct-text-editor elementor-clearfix\">\n\t\t<h3>Descripci\u00f3n del proyecto<\/h3>\n<p style=\"font-size: 17px\">Fundamentaci\u00f3n de las principales actividades del proyecto.<\/p>\n<h3 style=\"color: #640000\">Documentos Adjuntos:<\/h3>\n<ul style=\"font-size: 17px\">\n<li>PDF<\/li>\n<li>WORD<\/li>\n<li>HTML<\/li>\n<\/ul>\t\t\n\t<\/div>\n<\/div>\t\t<\/div>\n\t\t\t\t<\/div>\n\t\t            <\/div>\n        <\/div>\n                            <\/div>\n        <\/section>\n                <section class=\"elementor-section elementor-top-section elementor-element elementor-element-0b254c3 elementor-section-boxed elementor-section-height-default elementor-section-height-default ct-header-fixed-none header-none c1230-none c1350-none c1390-none c1450-none ct-column-none ct-row-scroll-none\" data-id=\"0b254c3\" data-element_type=\"section\">\n            \n                        <div class=\"elementor-container elementor-column-gap-default \">\n                    <div class=\"elementor-column elementor-col-100 elementor-top-column elementor-element elementor-element-a631e94 ct-column-none col-offset-none\" data-id=\"a631e94\" data-element_type=\"column\">\n            <div class=\"elementor-widget-wrap elementor-element-populated\">\n                        \t\t<div class=\"elementor-element elementor-element-41a14d4 elementor-widget elementor-widget-ct_heading\" data-id=\"41a14d4\" data-element_type=\"widget\" data-widget_type=\"ct_heading.default\">\n\t\t\t\t<div class=\"elementor-widget-container\">\n\t\t\t<div class=\"ct-heading h-align- item-st-default\">\r\n\t\t\t<div class=\"item--sub-title style-default\">\r\n            <span>\r\n                                Proyecto de Investigaci\u00f3n            <\/span>\r\n        <\/div>\r\n\t    <h3 class=\"item--title case-animate-time st-default \" data-wow-delay=\"ms\">\r\n        <span>Galer\u00eda<\/span>    <\/h3>\r\n<\/div>\r\n\r\n\t\t<\/div>\n\t\t\t\t<\/div>\n\t\t\t\t<div class=\"elementor-element elementor-element-39f3751 elementor-widget elementor-widget-ct_gallery_carousel\" data-id=\"39f3751\" data-element_type=\"widget\" data-widget_type=\"ct_gallery_carousel.default\">\n\t\t\t\t<div class=\"elementor-widget-container\">\n\t\t\t    <div class=\"ct-gallery-carousel1 ct-slick-slider\">\r\n        <div class=\"ct-carousel-inner\">\r\n            <div class=\"ct-slick-carousel ct-arrow-middle\" data-arrows=\"\" data-dots=\"\" data-pauseOnHover=\"\" data-autoplay=\"\" data-autoplaySpeed=\"5000\" data-infinite=\"\" data-speed=\"500\" data-colxs=\"1\" data-colsm=\"2\" data-colmd=\"3\" data-collg=\"3\" data-colxl=\"3\" data-dir=\"false\" data-slidesToScroll=\"1\">\r\n                                    <div class=\"slick-slide\">\r\n                        <a href=\"https:\/\/vri.unat.edu.pe\/inci\/wp-content\/uploads\/2025\/11\/005676b619ce505d6ef74e21e1092204.gif\">\r\n                            <img decoding=\"async\" class=\"\" src=\"https:\/\/vri.unat.edu.pe\/inci\/wp-content\/uploads\/2025\/11\/005676b619ce505d6ef74e21e1092204-1294x674.gif\" width=\"1294\" height=\"674\" alt=\"005676b619ce505d6ef74e21e1092204\" title=\"005676b619ce505d6ef74e21e1092204\" \/>                        <\/a>\r\n                    <\/div>\r\n                                    <div class=\"slick-slide\">\r\n                        <a href=\"https:\/\/vri.unat.edu.pe\/inci\/wp-content\/uploads\/2025\/11\/evaluacion-oferta-educativa.gif\">\r\n                            <img decoding=\"async\" class=\"\" src=\"https:\/\/vri.unat.edu.pe\/inci\/wp-content\/uploads\/2025\/11\/evaluacion-oferta-educativa.gif\" width=\"500\" height=\"320\" alt=\"evaluacion-oferta-educativa\" title=\"evaluacion-oferta-educativa\" \/>                        <\/a>\r\n                    <\/div>\r\n                                    <div class=\"slick-slide\">\r\n                        <a href=\"https:\/\/vri.unat.edu.pe\/inci\/wp-content\/uploads\/2025\/11\/evaluacion-rdd.gif\">\r\n                            <img decoding=\"async\" class=\"\" src=\"https:\/\/vri.unat.edu.pe\/inci\/wp-content\/uploads\/2025\/11\/evaluacion-rdd.gif\" width=\"500\" height=\"400\" alt=\"evaluacion-rdd\" title=\"evaluacion-rdd\" \/>                        <\/a>\r\n                    <\/div>\r\n                            <\/div>\r\n        <\/div>\r\n    <\/div>\r\n\t\t<\/div>\n\t\t\t\t<\/div>\n\t\t            <\/div>\n        <\/div>\n                            <\/div>\n        <\/section>\n        \t\t\t\t\t<\/div>\n\t\t","protected":false},"excerpt":{"rendered":"<p>PROYECTO EN PROCESO Universidad Nacional Aut\u00f3noma de Tayacaja Daniel Hern\u00e1ndez Morillo Enero 2026 Proyecto de Investigaci\u00f3n Equipo de trabajo Investigador Principal: Profesional Colaboradores: Profesional Profesional Profesional Profesional Descripci\u00f3n del proyecto Fundamentaci\u00f3n de las principales actividades del proyecto. Documentos Adjuntos: PDF WORD HTML Proyecto de Investigaci\u00f3n Galer\u00eda<\/p>\n","protected":false},"author":1,"featured_media":0,"parent":0,"menu_order":0,"comment_status":"closed","ping_status":"closed","template":"","meta":{"footnotes":""},"class_list":["post-9839","page","type-page","status-publish","hentry"],"_links":{"self":[{"href":"https:\/\/vri.unat.edu.pe\/inci\/wp-json\/wp\/v2\/pages\/9839","targetHints":{"allow":["GET"]}}],"collection":[{"href":"https:\/\/vri.unat.edu.pe\/inci\/wp-json\/wp\/v2\/pages"}],"about":[{"href":"https:\/\/vri.unat.edu.pe\/inci\/wp-json\/wp\/v2\/types\/page"}],"author":[{"embeddable":true,"href":"https:\/\/vri.unat.edu.pe\/inci\/wp-json\/wp\/v2\/users\/1"}],"replies":[{"embeddable":true,"href":"https:\/\/vri.unat.edu.pe\/inci\/wp-json\/wp\/v2\/comments?post=9839"}],"version-history":[{"count":158,"href":"https:\/\/vri.unat.edu.pe\/inci\/wp-json\/wp\/v2\/pages\/9839\/revisions"}],"predecessor-version":[{"id":11919,"href":"https:\/\/vri.unat.edu.pe\/inci\/wp-json\/wp\/v2\/pages\/9839\/revisions\/11919"}],"wp:attachment":[{"href":"https:\/\/vri.unat.edu.pe\/inci\/wp-json\/wp\/v2\/media?parent=9839"}],"curies":[{"name":"wp","href":"https:\/\/api.w.org\/{rel}","templated":true}]}}